
232
What is the highest common divisor of 49842 and 918314?
142
Calculate the highest common factor of 6080 and 416832.
64
What is the highest common factor of 2352 and 12994016?
784
What is the greatest common divisor of 219 and 93357291?
219
Calculate the highest common factor of 4 and 11209224.
4
Calculate the highest common factor of 1323 and 6921789.
147
Calculate the highest common divisor of 37826159 and 996933.
11459
Calculate the greatest common factor of 30747640 and 77.
77
Calculate the greatest common factor of 40215 and 4515.
105
What is the highest common divisor of 252756 and 534276?
612
Calculate the greatest common divisor of 4118625 and 27000.
1125
Calculate the highest common factor of 95927902 and 518.
518
What is the greatest common factor of 204484 and 2464?
28
Calculate the greatest common divisor of 2 and 338407318.
2
What is the highest common factor of 11095 and 148120469?
2219
Calculate the highest common divisor of 4 and 4059517.
1
What is the highest common divisor of 50918 and 2251303?
3637
What is the highest common factor of 96 and 20558112?
96
What is the highest common divisor of 8535240 and 236880?
2520
Calculate the greatest common divisor of 117952 and 56512.
64
Calculate the greatest common divisor of 1468471487 and 38.
19
What is the highest common factor of 190 and 8728960?
10
What is the highest common factor of 23265 and 56826?
99
What is the highest common divisor of 1343416 and 310?
62
What is the highest common factor of 514569 and 34131?
93
Calculate the greatest common divisor of 38745 and 22995.
315
What is the greatest common divisor of 11931639 and 57?
57
What is the greatest common factor of 884935588 and 2428?
2428
Calculate the greatest common factor of 93268248 and 12726.
606
What is the highest common divisor of 161115 and 165?
15
Calculate the greatest common factor of 2554496 and 49056.
224
Calculate the greatest common factor of 49154886 and 693.
99
Calculate the highest common divisor of 7600 and 202171400.
3800
What is the highest common divisor of 1764 and 43883?
7
Calculate the greatest common divisor of 12036 and 841817900.
4012
What is the greatest common divisor of 186020 and 255?
5
Calculate the highest common divisor of 75816762 and 930.
186
Calculate the highest common factor of 10870 and 15677801.
1087
What is the highest common divisor of 5995 and 307?
1
What is the highest common divisor of 6200902 and 2540?
254
What is the greatest common factor of 5868961 and 30452?
331
What is the highest common divisor of 57675 and 17852335?
3845
What is the greatest common factor of 3947301 and 1125?
9
What is the highest common factor of 6841624 and 1384?
8
Calculate the greatest common factor of 7943 and 391235.
169
Calculate the greatest common divisor of 6 and 63459741.
3
What is the greatest common factor of 2259 and 14566785?
753
Calculate the greatest common factor of 5378 and 1167173895.
2689
What is the greatest common factor of 210870 and 265895?
355
Calculate the greatest common divisor of 2734324 and 992.
124
What is the greatest common divisor of 16082 and 6113052?
946
Calculate the greatest common factor of 15503585 and 1.
1
Calculate the greatest common factor of 24 and 176121320.
8
What is the greatest common factor of 1100 and 141762500?
1100
What is the highest common factor of 7300637 and 184?
23
Calculate the greatest common factor of 130 and 143152165.
65
Calculate the greatest common factor of 3378928 and 1057.
7
Calculate the greatest common divisor of 27261402 and 42.
42
Calculate the greatest common divisor of 2944 and 9005420.
92
What is the greatest common factor of 27022 and 80181?
59
What is the highest common divisor of 5182837 and 115621?
5027
Calculate the greatest common factor of 1078 and 79647491.
539
What is the greatest common divisor of 105 and 61471575?
15
What is the highest common factor of 154036 and 458932?
1588
Calculate the greatest common divisor of 55397031 and 14787.
4929
What is the highest common factor of 1602 and 260186160?
534
What is the greatest common divisor of 104767 and 2379?
13
Calculate the greatest common factor of 264 and 672837.
33
What is the highest common factor of 67116901 and 745?
149
What is the greatest common divisor of 6138 and 2851272864?
6138
What is the greatest common divisor of 2511 and 96441?
93
Calculate the greatest common factor of 38511425 and 200.
25
Calculate the greatest common divisor of 6344 and 4471727.
793
What is the greatest common factor of 4500 and 2262276?
36
Calculate the greatest common factor of 16718 and 4538294.
1286
What is the greatest common factor of 609368 and 2042177?
361
Calculate the highest common factor of 58015 and 1115.
5
What is the highest common factor of 106038 and 786654?
2466
What is the highest common divisor of 2594541 and 46107?
141
What is the greatest common factor of 6895 and 2053660?
35
Calculate the highest common factor of 1296 and 2338000.
16
Calculate the greatest common divisor of 1716 and 9528662.
286
Calculate the greatest common divisor of 4742487 and 9.
9
Calculate the highest common divisor of 3544310 and 7920.
110
Calculate the highest common factor of 1998 and 28198773.
999
What is the greatest common divisor of 209110650 and 70?
70
What is the highest common divisor of 28251352 and 13880?
2776
Calculate the highest common divisor of 2842390 and 27680.
1730
Calculate the greatest common factor of 4106750 and 400.
50
Calculate the greatest common factor of 2520 and 2519830.
10
Calculate the greatest common factor of 20155 and 3328069.
29
What is the greatest common divisor of 1196690 and 414?
46
What is the greatest common divisor of 2223 and 119358?
171
Calculate the highest common divisor of 3516299 and 6589859.
3659
Calculate the greatest common factor of 243 and 4159431.
243
Calculate the highest common factor of 5192 and 280654.
22
Calculate the greatest common factor of 6510 and 1523650.
310
What is the highest common divisor of 167184 and 26892?
324
What is the greatest common factor of 188661 and 19305?
33
What is the greatest common divisor of 162 and 9811206?
162
Calculate the highest common divisor of 1940768 and 232.
8
What is the greatest common divisor of 72793012 and 62248?
1004
Calculate the highest common factor of 5124048 and 80.
16
What is the greatest common divisor of 2415 and 1113420?
105
What is the highest common divisor of 2172 and 17552?
4
What is the greatest common factor of 198 and 44939169?
99
What is the greatest common factor of 18 and 50122026?
18
Calculate the highest common divisor of 1027 and 961509.
79
Calculate the greatest common divisor of 112 and 4325344.
16
What is the highest common factor of 7489782 and 1912?
478
What is the greatest common factor of 3986705 and 11845?
115
What is the highest common factor of 20370 and 140602?
14
What is the highest common factor of 36 and 4761948?
12
What is the highest common divisor of 11168531 and 583?
583
Calculate the highest common factor of 4 and 13653004.
4
Calculate the greatest common factor of 768 and 23840064.
192
What is the highest common factor of 1480074 and 1445146?
4366
Calculate the highest common factor of 192299 and 598937.
551
What is the highest common factor of 99826 and 1341324?
1406
What is the greatest common divisor of 626620 and 1758222?
3686
What is the greatest common divisor of 36432 and 560208?
528
Calculate the greatest common factor of 24 and 33860648.
8
Calculate the greatest common divisor of 42 and 164752329.
21
Calculate the greatest common divisor of 2433 and 815173406.
811
Calculate the greatest common factor of 5761002 and 78.
78
Calculate the highest common divisor of 204 and 66637416.
204
Calculate the greatest common factor of 232 and 4121596.
116
Calculate the greatest common divisor of 131318928 and 117.
117
What is the highest common divisor of 120212 and 59696?
164
Calculate the highest common divisor of 3030 and 283050.
30
What is the highest common divisor of 239673 and 152663?
791
Calculate the greatest common factor of 7576659 and 55269.
2403
Calculate the greatest common divisor of 52756 and 9686292.
484
What is the highest common divisor of 30772375 and 125?
125
Calculate the greatest common divisor of 22 and 13950